s divided by t.
0
Suppose -44 - 108 = -j. Suppose -4*q + 2*o = 46 - j, 2*q - 5*o - 41 = 0. Let f = q - 9. What is the remainder when f is divided by 7?
5
Let g(y) = -y + 1. Let j be g(-1). Suppose -c - j*c = -96. Calculate the remainder when c is divided by 11.
10
Suppose -21 = -5*o + 2*b, -4*b + 23 = -2*o + 5*o. Calculate the remainder when 13 is divided by o.
3
Let v be ((-6)/10)/((-1)/5). Let c = -3 + v. Calculate the remainder when 26 is divided by (-7)/(3/(-6) - c).
12
Suppose -4*v - 11 = 13. Let l(c) = -c**3 - 6*c**2 - 6*c - 9. Let w(a) = 15*a**2 - 1. Calculate the remainder when l(v) is divided by w(-1).
13
Let v be (23/(-2))/((-2)/(-24)). Let t = -33 - v. Suppose -4*n - 4*r + 75 = -t, -5*n + 4*r + 243 = 0. Calculate the remainder when n is divided by 24.
23
Suppose 5*v - 10 = 5*k, 4*k - 4 = -5*v + 6. Calculate the remainder when 3/(6/92) + v is divided by 25.
23
Let b be 282*(3 + (4 - 1)). What is the remainder when 6/10 + b/30 is divided by 15?
12
Let m = -24 + 19. Let g(q) = -q**2 - 6*q + 2. Suppose 3*u + w - 27 = 5, -u = 2*w - 4. What is the remainder when u is divided by g(m)?
5
Suppose -8*f - 220 = -13*f. What is the remainder when f is divided by 24?
20
Let j(n) = -6*n - 4 + 6 - 4. Suppose -3*a + 5*m + 32 = 0, 2*a - m - 22 = 3*m. What is the remainder when j(-3) is divided by a?
7
Let r = -4 + 8. Suppose -2*i + 125 = i + 4*n, -n - 192 = -r*i. Calculate the remainder when i is divided by ((-4)/3)/((-2)/24).
15
Suppose 0*i - 3*i = -30. What is the remainder when 19 is divided by i?
9
Suppose -18*f - 240 = -21*f. What is the remainder when f is divided by 28?
24
Let b = -18 + 25. Suppose 3*w = 8*w - 3*s - 6, -4*w + 2*s = -6. Calculate the remainder when b is divided by w.
1
Let x(f) = -f**2 + 6*f + 3. Let s be x(6). Suppose 4*j - 20 = z, -2*j + z = -s*z + 4. Let u = j + 0. Calculate the remainder when 11 is divided by u.
5
Let g(w) = -w**2 + 15*w - 6. Calculate the remainder when 37 is divided by g(13).
17
Let h(g) = -3*g**2 + 9*g**2 - 2*g + 0*g**3 - 6 - g**3. Suppose 32 = 2*j - 2. Calculate the remainder when j is divided by h(5).
8
Let d = -34 - -98. Suppose 4*g = 208 - d. Calculate the remainder when g is divided by 19.
17
Suppose 23*b - 18*b = 145. What is the remainder when b is divided by 10?
9
Let u be -4*(-1 + (-21)/2). Let v = u + -30. Calculate the remainder when 47 is divided by v.
15
Suppose 0*x = -x - j + 3, 4*j - 6 = 2*x. Suppose -3*m = -2 - x, -2*m = -3*a + 211. What is the remainder when a is divided by 18?
17
Suppose 46 = 5*y - 59. Let u = 44 - y. Let i = 2 + 10. Calculate the remainder when u is divided by i.
11
Let y(w) = 2*w - 1. Let v be y(2). Suppose 22 = h + 3*s, 4*s - 1 = -v*h + 70. Calculate the remainder when h is divided by ((-26)/(-10))/((-7)/(-35)).
12
Calculate the remainder when 54/(30/5)*(-5)/(-3) is divided by ((-27)/12)/(2/(-8)).
6
Let l = -1 - -3. Calculate the remainder when 31 is divided by (l/4)/(2/32).
7
Let b(w) = -2*w + w**2 + 0 - 1 + 4*w + 0. Calculate the remainder when 12 is divided by b(-4).
5
Let v(y) = -y**3 + 21*y**2 - 18*y - 4. Calculate the remainder when 69 is divided by v(20).
33
Let t(a) = -a + 15. Let k be t(8). Let b(l) = 3*l - 8. What is the remainder when 38 is divided by b(k)?
12
Let k = -14 + 28. Calculate the remainder when 67 is divided by k.
11
Calculate the remainder when (-292)/(-7) + (-12)/(-42) is divided by 11.
9
Calculate the remainder when (-944)/(-36) + (-6)/27 is divided by 7.
5
Let t = 2 - -4. Suppose -7 = -3*x - 1. Calculate the remainder when t is divided by x.
0
Let h = 18 + -8. Let l(k) = -k**2 + 13*k + 9. Let n be l(h). Suppose 3*y = -0*y + n. Calculate the remainder when 37 is divided by y.
11
Suppose -3*x = 2*x. Suppose r + 2*a = -10, x*a + 9 = -3*a. What is the remainder when 19 is divided by 2*3 - 4/r?
5
Calculate the remainder when 50 is divided by (-550)/(-33) + 1/3.
16
Suppose 2*d + 4 = -2*o - 0, 2*o - 4*d = 20. Suppose -3*w + 6*w = 33. Suppose b = -2*y + w, o*y + 10 = -0*y. Calculate the remainder when b is divided by 11.
10
Let c = 42 - 10. Calculate the remainder when c is divided by 17.
15
Let w(j) = 2*j**3 + 11*j**2 - 16*j - 9. Suppose -7 = -s + 6. What is the remainder when w(-6) is divided by s?
12
Let d(l) = -l**3 + 6*l**2 + 10*l + 5. What is the remainder when d(6) is divided by 34?
31
Suppose -6 = -k + 11. Let b(j) = -j**2 - 6*j + 4. What is the remainder when k is divided by b(-5)?
8
Let g be (15/(-6 - -3))/(-1). Suppose -g*f = -0*f - 35. What is the remainder when 20 is divided by f?
6
Calculate the remainder when 0/1 + 135/5 is divided by ((-2)/(-3))/(10/225).
12
Suppose -4*b = n - 141, 3*b - 3*n - 87 = -0*n. Calculate the remainder when b is divided by 9.
7
Let a = 47 + -27. Suppose 0 = -l + 1 + 6. Let p(b) = 3*b - 10. What is the remainder when a is divided by p(l)?
9
Let z(b) = -b**2 - 6*b. Let y be z(-4). Suppose -n + y = -3*n. Calculate the remainder when 31 is divided by (-22)/(-2)*(-4)/n.
9
Let w(o) = o**2 + 16*o - 10. Let b = -27 - -10. What is the remainder when 12 is divided by w(b)?
5
Let a(r) = -r**3 - 3*r**2 + 6*r - 6. Calculate the remainder when 25 is divided by a(-5).
11
Suppose 0 = -2*n + 3 - 1. Suppose -5*s - 3*i = -187, -i + 0*i = n. What is the remainder when s is divided by 20?
18
Suppose -4*q - 3*q + 343 = 0. Calculate the remainder when q is divided by 13.
10
Let k = 109 - 31. Calculate the remainder when k is divided by 20.
18
Let r(q) = -q**2 - 6*q - 5. Let n be r(-5). Suppose t = -n*t - 1. Let i = t - -3. Calculate the remainder when 5 is divided by i.
1
Calculate the remainder when 56 is divided by (21/(-14))/(3/(-38)).
18
Let v be (3 + -2)/(5/35). Suppose -i + v = -9. What is the remainder when 29 is divided by i?
13
Let g = -85 - -87. Calculate the remainder when 12 is divided by g.
0
Let c(b) = -b**2 - b + 51. What is the remainder when c(0) is divided by 13?
12
Suppose -7*d + 56 = -35. What is the remainder when d is divided by 5?
3
Suppose -2*a + 16 = -a. Suppose 0 = -2*s, 0*f - 3*f + 4*s + 18 = 0. Suppose 0 = 2*t - f*t + 120. What is the remainder when t is divided by a?
14
Let r = 42 + -26. Suppose 4*w - 404 = 3*h - h, -503 = -5*w + 2*h. Suppose 5*o - 126 = w. What is the remainder when o is divided by r?
13
Suppose -30 = 4*r - 6*r. Suppose -2*f - z = -r, -6*f + f = -5*z - 75. Calculate the remainder when 38 is divided by f.
8
Let j = -22 - -31. Calculate the remainder when 35 is divided by j.
8
Let u = 47 + -27. What is the remainder when u is divided by 8?
4
What is the remainder when 10 is divided by (3/(-6))/(3/(-18))?
1
Let x(a) = -a**3 - a**2 + 2*a + 2. Let m be x(-3). Suppose -m + 35 = 3*n. What is the remainder when 13 is divided by n?
6
Let i = -13 - -27. Calculate the remainder when (5 - 3) + (-74)/(-2) is divided by i.
11
Let f = 1 + 5. What is the remainder when (4/f)/((-4)/(-186)) is divided by 17?
14
Suppose -2*m - 2*i + 8 = 0, 0 = -4*i - 4. Suppose 0*q = m*q - 540. Suppose -5*w = -g - q, -4*w + 54 = -w + 3*g. What is the remainder when w is divided by 11?
10
Suppose -2*s = -6*s + 64. Calculate the remainder when s is divided by 9.
7
Suppose 3*h + s = 98, 4*h - 4*s - 6 - 114 = 0. Suppose -q - q + 12 = 5*k, 5*k = 3*q + h. Suppose k - 8 = -2*l. Calculate the remainder when 4 is divided by l.
0
Let h(u) = -6*u - 5. Let d(b) = b + 32. Calculate the remainder when h(-6) is divided by d(-16).
15
Suppose -m - 4*v = -63, -5*m - 5*v + 300 = -0*v. What is the remainder when m is divided by (-274)/(-18) + (-6)/27?
14
Suppose -h = 6 - 65. Calculate the remainder when h is divided by 122/8 - 1/4.
14
Let t be (-2)/(4*(-2)/(-12)). Calculate the remainder when (44 - 4/2) + 3/(-3) is divided by (-9)/t*28/6.
13
Let m = 73 - 118. Let g = 27 + m. Let q = -8 - g. Calculate the remainder when 19 is divided by q.
9
Let d(c) = -4*c + 0 + 3*c + 1 + 2*c**2. What is the remainder when 46 is divided by d(3)?
14
Let l(v) = 4*v - 4. Let o(q) = 21*q - 19. Let r(f) = 11*l(f) - 2*o(f). Calculate the remainder when 6 is divided by r(5).
2
Let m = 9 + -5. Suppose 0 = -2*b - m*u + 34, -4*u + 8 = -12. Calculate the remainder when 27 is divided by b.
6
Suppose -3*r = -2*q + 4*q - 140, -3*r = 3*q - 207. Calculate the remainder when q is divided by 17.
16
Let k(j) = j**2 + 6*j - 6. Let a be k(-6). Let l be -155*(0 - a/(-10))